 -2*u + 8, 105 - 1 = 5*p + u. Let o(q) = 2*q**3 - 41*q**2 + 22*q - 39. Give o(p).
1
Let g(b) = -2*b**2 + 3*b + 4. Suppose 6*q + 22 - 262 = 0. Let j = q - 52. Let a = j - -15. Determine g(a).
-5
Let n(r) = 18113 + 12*r - 9052 - 9047 + r**2. Calculate n(-9).
-13
Let i(z) be the first derivative of 38*z**3/3 - z**2 - 274. What is i(1)?
36
Suppose 4*z - q + 11 = 14, 5*q = -3*z + 8. Let a(s) = 330*s - 95*s - 86*s + z - 85*s - 87*s. Suppose -5*u = h - 6, 5*u = 3*h - 0 + 2. Determine a(u).
-22
Let r(j) = -j**3 + 4*j**2 - j + 2. Let y be r(4). Let g(t) = -21*t**2 + 473*t - 6. Let d(o) = 10*o**2 - 218*o + 3. Let i(c) = 13*d(c) + 6*g(c). Calculate i(y).
11
Let j = 119 - 116. Let k(h) = -5*h - 7 + 0*h - j + 7 + 2*h**2. Let t be 14/4 + (-3)/(-6). What is k(t)?
9
Let d(s) = 123*s - 254*s + 129*s + 0 + 24. Calculate d(10).
4
Let d(w) be the first derivative of -w**5/120 + 5*w**4/24 + 14*w**3/3 + 3*w**2/2 + 59. Let l(i) be the third derivative of d(i). Let p = -5 + 1. Determine l(p).
9
Let y(q) = 10*q**2 - 12 - q**3 + 2*q - q + 0*q. Let p = 99 + -423. Let f = -314 - p. Give y(f).
-2
Let f(m) be the first derivative of -m**4/4 + m**3 - 3*m**2/2 + 1030. What is f(2)?
-2
Let i(o) = 0*o**2 + 9*o**2 - 9*o**2 + 4 - 4*o - o**2. Let c be 3/(-6)*(59 - -7). Let g(f) = -2*f**2 - 67*f - 37. Let v be g(c). What is i(v)?
4
Let k(w) = -26*w + 16 + 172*w**2 - 51 - 63*w**2 - 108*w**2. Determine k(27).
-8
Let l = -759 - -759. Let o(a) = -3*a**3 + 2*a**2 - 7*a + 13. Let b = 0 + -5. Let j(w) = -w**3 + w**2 - 3*w + 6. Let k(h) = b*j(h) + 2*o(h). What is k(l)?
-4
Let g(o) be the first derivative of o**3/3 - 3*o**2 - 8*o - 3907. Calculate g(11).
47
Suppose 0*z = u + z - 9, -u - 5*z + 5 = 0. Let w(y) = -y**3 + 10*y + 18. Let o(b) = -4*b**3 + 11*b**2 + 22*b + 42. Let a(d) = o(d) - 3*w(d). Give a(u).
8
Let y(w) = 3*w**2 - 8*w + 2. Let u(q) = q**2 - q - 1. Let v(x) = 2*u(x) - y(x). Let h = 109116 + -109112. Determine v(h).
4
Suppose 0 = -0*q + 3*q. Let a(y) be the first derivative of -71 - 22*y - 1/2*y**2. Determine a(q).
-22
Let z(a) be the third derivative of 1/240*a**6 + 18*a**2 + 13/12*a**4 - 7/120*a**5 + 0*a + 0 + 0*a**3. Let u(j) be the second derivative of z(j). Give u(-5).
-22
Suppose 0 = -3*m + 2*r - 1, -2*r + 2 - 4 = -4*m. Let l(a) = a**3 + 28*a**2 - a - 15. Let z be l(-28). Let y(b) = -2 - 9*b + 37*b - z*b - 12*b. What is y(m)?
7
Let u(z) = -3*z**2 + 47*z - 28*z - 3 - 23*z. Let a(t) = -t**3 + 12*t**2 + 6*t + 23. Let v be a(13). Let f = 66 + v. What is u(f)?
-7
Let s(x) be the third derivative of x**7/5040 + 31*x**6/720 - 11*x**5/20 + 67*x**2 + 3. Let h(q) be the third derivative of s(q). Give h(-13).
18
Let t(m) = -2*m**3 - 2*m - 2. Let j(v) = -3*v**3 + v**2 - 3*v - 4. Let x(g) = 3*j(g) - 5*t(g). Suppose 25*p + 14616 = 3616. Let r = p - -438. What is x(r)?
0
Let x be ((-1)/5)/(2/(-310)). Let y(g) = -x - g + 8 + 14. Let l be y(-6). Let s(o) = o**3 + 3*o**2 - 2*o - 3. Determine s(l).
3
Suppose 18*a - 149 + 37 = -38*a. Let v(n) be the first derivative of 2 + a*n**2 + 2/3*n**3 + 0*n. What is v(-3)?
6
Let z(w) = -16*w**2 + 38*w + 9. Let k(m) = 27*m + 2 + 55464*m**2 - 9*m + 3 - 55470*m**2. Let s(t) = 5*k(t) - 2*z(t). Give s(-9).
43
Let r(d) = -6*d**3 - 1. Let k(a) = 25*a**3 + 26*a**2 - 27*a - 11. Let t(h) = -k(h) - 4*r(h). Determine t(-27).
15
Let o(w) = w**2 + 10*w + 9. Let y(r) = r**3 - 2*r**2 - 4*r - 3. Let v be y(5). Suppose 2*z = 3*s - 14, s + v = -5*z - 0*s. What is o(z)?
9
Let n(o) be the first derivative of -9*o**2/2 + 48*o + 1223. Determine n(6).
-6
Let o(x) = 3*x**2 + 5*x + 1. Let n(w) = -86*w**2 - 140*w - 28. Let d(y) = n(y) + 29*o(y). Let m(t) = -2*t**2 - 3*t + 4. Let p be m(-3). Give d(p).
1
Suppose -250*w = -252*w + 8. Let h be w*(-11 - -5 - -7). Let b(g) = g**3 - 3*g**2 - 3*g + 3. Determine b(h).
7
Let f = -4 - 3. Let d(i) = -2*i + 24. Let k(j) = 3*j + 27 - 2*j - 31. Let r(c) = -d(c) - 3*k(c). What is r(f)?
-5
Let z(a) = 18*a - 1. Let p be (-2)/(-2 - 0)*0. Let h be (p + 0 - 1)/(-13 - -14). Give z(h).
-19
Suppose -21 + 12 = -3*y. Let m(i) = -5*i**2 + 7*i**3 + 4*i - 23*i**3 + 17*i**y. Suppose -3*t - 2*v + 7 = 0, 0 = -2*t + 4*t - v - 7. Give m(t).
-6
Suppose -m + 6*m = 25. Let p(t) = -3*t + 19. Let n(i) = 6*i - 35. Let y(h) = -5*n(h) - 9*p(h). Give y(m).
-11
Suppose -15*t = t - 336. Let y(u) = -t*u - 27*u + 9 + 49*u. Give y(-12).
-3
Let u(b) = b + 7. Let v be u(-8). Let y(r) be the first derivative of -8*r**3/3 - r**2/2 - r + 10694. Determine y(v).
-8
Let i(y) be the first derivative of -y**3/3 + 3*y**2/2 + 12*y + 3080. Determine i(-9).
-96
Let r(j) = j**3 - 8*j + 2. Let p be 54/16 - 600/1600. Calculate r(p).
5
Suppose 2*u = -4*d + 18, -d - 34 = -5*u - 11. Let w be (-6)/u - (-4)/60*3. Let l(x) = -x - x**2 + 1 - 2*x**3 - 1 + 18*x**3. What is l(w)?
-16
Let u = 274 - 273. Let b(k) = -17*k**3 - k**2 + k. Calculate b(u).
-17
Let b(o) = -o**3 - 6*o**2 - 4*o - 2. Let g = -218 - -222. Suppose -n + 7 + g = -2*i, -2*i - 4*n = 6. Give b(i).
-7
Let u(f) = f + 7. Let q(z) = z**3 - 6*z**2 + 9*z + 4. Let l be q(4). Suppose -214 = l*p - 262. What is u(p)?
13
Let k(q) = 8*q**2 - 13*q - 45. Let r(x) = -x**2 + 2*x + 1. Let b(o) = -4*k(o) - 28*r(o). Let i(u) be the first derivative of b(u). Give i(6).
-52
Let y(w) = 1. Let j(f) = 5 - 2 - 6*f + f - 2. Let o(n) = j(n) - y(n). Suppose 4*s + 8 = 4*k, s - 2*k + 1 = -4*s. Calculate o(s).
-5
Suppose -3*r + 39 = 4*z - 2, -z + 19 = 2*r. Let x(p) = 38 - p - 118 + 40 + 45. Calculate x(r).
-2
Let m(o) = o**3 + 14*o**2 + 5*o + 72. Let r be m(-14). Let n(u) = -2379*u**3 + u**r + 1192*u**3 + 1188*u**3. Determine n(0).
0
Let p(t) be the second derivative of -7*t**6/360 + 28*t**3/3 + t**2 + 6*t - 3. Let g(u) be the second derivative of p(u). Determine g(1).
-7
Let n(u) = 40*u + 30. Let w(o) = -80*o - 32. Let f(q) = 13*n(q) + 6*w(q). Determine f(-5).
-2
Let a(l) = l**3 - 18*l**2 + l - 19. Let y be (27*(-12)/(-18))/1. Give a(y).
-1
Let w(x) = 83*x + 5 + 60*x - 212*x + 68*x. Give w(-28).
33
Let i(n) be the first derivative of 13*n**2 + 23*n + 1115. Calculate i(-1).
-3
Let c(k) = 3*k - 49. Let i(r) = -2. Let l(f) = c(f) - 12*i(f). What is l(3)?
-16
Let n be 2*1/4*(12 + -8). Let a be 12 - (-9)/(9/n). Let j(m) = m - m**2 + m**3 + 2*m - a - 4*m - 2*m**3. Give j(0).
-14
Let v(p) = p**3 - 114*p**2 + 33*p**2 + 36*p**2 + 43*p**2 + 14*p**2 + 2 - 13*p. Let k be (26/(-4))/(1/2). Give v(k).
2
Let n(k) = -k**3 - 3*k + 46. Let v be 24 - (-1173)/(-46) - 9/(-6). Determine n(v).
46
Let t be -4*(83/4 - 0). Let r = 85 + t. Let x(y) = -2*y**2 - 66*y**3 + 5*y**r + 3*y + 7 + 2*y**2 + 67*y**3. Give x(-5).
-8
Let c = -116 - -118. Suppose -36*n + 38*n + c = 0. Let k(f) = -11*f**2. Give k(n).
-11
Let n be (3/(-3))/(4 - (-385)/(-99)). Let r(p) = -p - 3. Let y(c) = 3*c + 9. Let f(w) = 8*r(w) + 3*y(w). Calculate f(n).
-6
Let b = 31 + -16. Suppose 55 = -4*u + b*u. Suppose 4*p = 2*x - 22, -u = -0*x + 5*x. Let t(k) = -2*k - 5. Calculate t(p).
7
Let r(a) = -4*a**2 + 5*a - 21. Let d(w) = 6*w**2 - 6*w + 24. Let s(l) = -4*d(l) - 5*r(l). Give s(0).
9
Let a(z) be the third derivative of -1/30*z**5 - 5/24*z**4 + 1/120*z**6 + 2*z**2 + 2/3*z**3 + 4*z + 0. What is a(3)?
-2
Let k(t) = -3*t**2 + 12*t - 1. Suppose -36 - 24 = -18*q - 6. Give k(q).
8
Suppose -2*d + 7 + 4 = -3*y, 5*d + 3*y = 38. Suppose -v - w = 0, -8*v + 2*w = -3*v - d. Let h(o) = -5*o. Calculate h(v).
-5
Let s(u) = -u. Let h be s(3). Let i(l) = -2340*l + 2338*l - 369 + 370. Determine i(h).
7
Let p(n) = -9*n - 19. Let l be p(-3). Let v(d) = -7*d - 6424 + 6429 + 9*d. Give v(l).
21
Let z(c) = 257560*c**2 - 128784*c**2 + c**3 - 128760*c**2 + 32*c + 59. Give z(-14).
3
Let r be -3*((-4)/(-2))/(-6). Let l(n) be the first derivative of 3*n**3 + 320 + 0*n - 1/2*n**2. Determine l(r).
8
Let g(t) = 4*t**2 + 14*t + 12. Let x(n) = -2*n**2 - 7*n - 6. Let q(m) = 4*g(m) + 7*x(m). Let j = -1630 - -2987. Suppose b = j - 1361. What is q(b)?
10
Let w(c) be the first derivative of c**4/2 - 16*c**3/3 - 13*c**2/2 + 2*c - 2468. Determine w(9).
47
Suppose 189 + 21 = 7*d. Let p be d/26 - (-2)/(-13). Suppose 5*n + 23 = m, n + 3*m = -n + p. Let x(q) = -q**2 - q + 5. Give x(n).
-7
Let s(q) = q**3 + 4*q**2 - 4*q. Let f(c) be the third derivative of 0*c + 5/24*c**4 + 36*c**2 + 11/6*c**3 + 0. Let p be f(-3). Determine s(p).
16
Let g(y) be the third derivative of 